{"id":635052,"date":"2025-12-15T18:56:45","date_gmt":"2025-12-15T17:56:45","guid":{"rendered":"https:\/\/selleetools.com\/?post_type=announcements&#038;p=635052"},"modified":"2025-12-15T18:56:46","modified_gmt":"2025-12-15T17:56:46","slug":"nowa-funkcjonalnosc-ustawianie-marzy-przy-eksporcie-produktow-na-allegro","status":"publish","type":"announcements","link":"https:\/\/selleetools.com\/pl\/announcement\/nowa-funkcjonalnosc-ustawianie-marzy-przy-eksporcie-produktow-na-allegro\/","title":{"rendered":"Nowa funkcjonalno\u015b\u0107: ustawianie mar\u017cy przy eksporcie produkt\u00f3w na Allegro"},"content":{"rendered":"\n<p>Dodali\u015bmy mo\u017cliwo\u015b\u0107 ustawiania mar\u017cy ju\u017c na etapie eksportu produkt\u00f3w na marketplace.<br>W Panelu Sprzedawcy otrzyma\u0142e\u015b now\u0105 funkcjonalno\u015b\u0107, kt\u00f3ra pozwala okre\u015bli\u0107 w\u0142asn\u0105 mar\u017c\u0119 bezpo\u015brednio podczas eksportu produkt\u00f3w z poziomu <strong>Zarz\u0105dzaj produktami<\/strong>. Dzi\u0119ki temu mo\u017cesz elastycznie zarz\u0105dza\u0107 cenami w zale\u017cno\u015bci od kategorii produktu, prowizji marketplace\u2019u czy strategii sprzeda\u017cy \u2013 bez konieczno\u015bci ka\u017cdorazowej zmiany ustawie\u0144 integracji.<\/p>\n\n\n\n<p>Instrukcja opisuj\u0105ca now\u0105 funkcjonalno\u015b\u0107 ustawiania mar\u017cy przy eksporcie oraz spos\u00f3b jej dzia\u0142ania znajduje si\u0119 na naszym blogu: <strong><a href=\"https:\/\/selleetools.com\/pl\/zarzadzanie-marza-juz-na-etapie-eksportu-produktow-na-allegro-w-selleetools\/\" target=\"_blank\" rel=\"noreferrer noopener\">Zarz\u0105dzanie mar\u017c\u0105 przy eksporcie produkt\u00f3w<\/a><\/strong><\/p>\n","protected":false},"featured_media":0,"menu_order":0,"template":"","meta":{"_links_to":"","_links_to_target":""},"announcement_type":[],"yoast_head":"<!-- This site is optimized with the Yoast SEO plugin v19.4 - https:\/\/yoast.com\/wordpress\/plugins\/seo\/ -->\n<title>Nowa funkcjonalno\u015b\u0107: ustawianie mar\u017cy przy eksporcie produkt\u00f3w na Allegro - Selleetools.com<\/title>\n<meta name=\"robots\" content=\"index, follow, max-snippet:-1, max-image-preview:large, max-video-preview:-1\" \/>\n<link rel=\"canonical\" href=\"https:\/\/admincentral.selleetools.com\/pl\/announcement\/nowa-funkcjonalnosc-ustawianie-marzy-przy-eksporcie-produktow-na-allegro\/\" \/>\n<meta property=\"og:locale\" content=\"pl_PL\" \/>\n<meta property=\"og:type\" content=\"article\" \/>\n<meta property=\"og:title\" content=\"Nowa funkcjonalno\u015b\u0107: ustawianie mar\u017cy przy eksporcie produkt\u00f3w na Allegro - Selleetools.com\" \/>\n<meta property=\"og:description\" content=\"Dodali\u015bmy mo\u017cliwo\u015b\u0107 ustawiania mar\u017cy ju\u017c na etapie eksportu produkt\u00f3w na marketplace.W Panelu Sprzedawcy otrzyma\u0142e\u015b now\u0105 funkcjonalno\u015b\u0107, kt\u00f3ra pozwala okre\u015bli\u0107 w\u0142asn\u0105 mar\u017c\u0119 bezpo\u015brednio podczas eksportu produkt\u00f3w z poziomu Zarz\u0105dzaj produktami. Dzi\u0119ki temu mo\u017cesz elastycznie zarz\u0105dza\u0107 cenami w zale\u017cno\u015bci od kategorii produktu, prowizji marketplace\u2019u czy strategii sprzeda\u017cy \u2013 bez konieczno\u015bci ka\u017cdorazowej zmiany ustawie\u0144 integracji. Instrukcja opisuj\u0105ca now\u0105 ... Read moreNowa funkcjonalno\u015b\u0107: ustawianie mar\u017cy przy eksporcie produkt\u00f3w na Allegro\" \/>\n<meta property=\"og:url\" content=\"https:\/\/admincentral.selleetools.com\/pl\/announcement\/nowa-funkcjonalnosc-ustawianie-marzy-przy-eksporcie-produktow-na-allegro\/\" \/>\n<meta property=\"og:site_name\" content=\"Selleetools.com\" \/>\n<meta property=\"article:modified_time\" content=\"2025-12-15T17:56:46+00:00\" \/>\n<meta name=\"twitter:card\" content=\"summary_large_image\" \/>\n<meta name=\"twitter:label1\" content=\"Est. reading time\" \/>\n\t<meta name=\"twitter:data1\" content=\"1 minuta\" \/>\n<!-- \/ Yoast SEO plugin. -->","yoast_head_json":{"title":"Nowa funkcjonalno\u015b\u0107: ustawianie mar\u017cy przy eksporcie produkt\u00f3w na Allegro - Selleetools.com","robots":{"index":"index","follow":"follow","max-snippet":"max-snippet:-1","max-image-preview":"max-image-preview:large","max-video-preview":"max-video-preview:-1"},"canonical":"https:\/\/admincentral.selleetools.com\/pl\/announcement\/nowa-funkcjonalnosc-ustawianie-marzy-przy-eksporcie-produktow-na-allegro\/","og_locale":"pl_PL","og_type":"article","og_title":"Nowa funkcjonalno\u015b\u0107: ustawianie mar\u017cy przy eksporcie produkt\u00f3w na Allegro - Selleetools.com","og_description":"Dodali\u015bmy mo\u017cliwo\u015b\u0107 ustawiania mar\u017cy ju\u017c na etapie eksportu produkt\u00f3w na marketplace.W Panelu Sprzedawcy otrzyma\u0142e\u015b now\u0105 funkcjonalno\u015b\u0107, kt\u00f3ra pozwala okre\u015bli\u0107 w\u0142asn\u0105 mar\u017c\u0119 bezpo\u015brednio podczas eksportu produkt\u00f3w z poziomu Zarz\u0105dzaj produktami. Dzi\u0119ki temu mo\u017cesz elastycznie zarz\u0105dza\u0107 cenami w zale\u017cno\u015bci od kategorii produktu, prowizji marketplace\u2019u czy strategii sprzeda\u017cy \u2013 bez konieczno\u015bci ka\u017cdorazowej zmiany ustawie\u0144 integracji. Instrukcja opisuj\u0105ca now\u0105 ... Read moreNowa funkcjonalno\u015b\u0107: ustawianie mar\u017cy przy eksporcie produkt\u00f3w na Allegro","og_url":"https:\/\/admincentral.selleetools.com\/pl\/announcement\/nowa-funkcjonalnosc-ustawianie-marzy-przy-eksporcie-produktow-na-allegro\/","og_site_name":"Selleetools.com","article_modified_time":"2025-12-15T17:56:46+00:00","twitter_card":"summary_large_image","twitter_misc":{"Est. reading time":"1 minuta"},"schema":{"@context":"https:\/\/schema.org","@graph":[{"@type":"Organization","@id":"https:\/\/selleetools.com\/#organization","name":"Selleetools","url":"https:\/\/selleetools.com\/","sameAs":[],"logo":{"@type":"ImageObject","inLanguage":"pl-PL","@id":"https:\/\/selleetools.com\/#\/schema\/logo\/image\/","url":"https:\/\/selleetools.com\/wp-content\/uploads\/2021\/10\/logo-dark.png","contentUrl":"https:\/\/selleetools.com\/wp-content\/uploads\/2021\/10\/logo-dark.png","width":320,"height":76,"caption":"Selleetools"},"image":{"@id":"https:\/\/selleetools.com\/#\/schema\/logo\/image\/"}},{"@type":"WebSite","@id":"https:\/\/selleetools.com\/#website","url":"https:\/\/selleetools.com\/","name":"Selleetools.com","description":"","publisher":{"@id":"https:\/\/selleetools.com\/#organization"},"potentialAction":[{"@type":"SearchAction","target":{"@type":"EntryPoint","urlTemplate":"https:\/\/selleetools.com\/?s={search_term_string}"},"query-input":"required name=search_term_string"}],"inLanguage":"pl-PL"},{"@type":"WebPage","@id":"https:\/\/admincentral.selleetools.com\/pl\/announcement\/nowa-funkcjonalnosc-ustawianie-marzy-przy-eksporcie-produktow-na-allegro\/","url":"https:\/\/admincentral.selleetools.com\/pl\/announcement\/nowa-funkcjonalnosc-ustawianie-marzy-przy-eksporcie-produktow-na-allegro\/","name":"Nowa funkcjonalno\u015b\u0107: ustawianie mar\u017cy przy eksporcie produkt\u00f3w na Allegro - Selleetools.com","isPartOf":{"@id":"https:\/\/selleetools.com\/#website"},"datePublished":"2025-12-15T17:56:45+00:00","dateModified":"2025-12-15T17:56:46+00:00","breadcrumb":{"@id":"https:\/\/admincentral.selleetools.com\/pl\/announcement\/nowa-funkcjonalnosc-ustawianie-marzy-przy-eksporcie-produktow-na-allegro\/#breadcrumb"},"inLanguage":"pl-PL","potentialAction":[{"@type":"ReadAction","target":["https:\/\/admincentral.selleetools.com\/pl\/announcement\/nowa-funkcjonalnosc-ustawianie-marzy-przy-eksporcie-produktow-na-allegro\/"]}]},{"@type":"BreadcrumbList","@id":"https:\/\/admincentral.selleetools.com\/pl\/announcement\/nowa-funkcjonalnosc-ustawianie-marzy-przy-eksporcie-produktow-na-allegro\/#breadcrumb","itemListElement":[{"@type":"ListItem","position":1,"name":"Home","item":"https:\/\/admincentral.selleetools.com\/pl\/"},{"@type":"ListItem","position":2,"name":"Announcements","item":"https:\/\/selleetools.com\/announcement\/"},{"@type":"ListItem","position":3,"name":"Nowa funkcjonalno\u015b\u0107: ustawianie mar\u017cy przy eksporcie produkt\u00f3w na Allegro"}]}]}},"_links":{"self":[{"href":"https:\/\/selleetools.com\/pl\/wp-json\/wp\/v2\/announcements\/635052"}],"collection":[{"href":"https:\/\/selleetools.com\/pl\/wp-json\/wp\/v2\/announcements"}],"about":[{"href":"https:\/\/selleetools.com\/pl\/wp-json\/wp\/v2\/types\/announcements"}],"version-history":[{"count":1,"href":"https:\/\/selleetools.com\/pl\/wp-json\/wp\/v2\/announcements\/635052\/revisions"}],"predecessor-version":[{"id":635053,"href":"https:\/\/selleetools.com\/pl\/wp-json\/wp\/v2\/announcements\/635052\/revisions\/635053"}],"wp:attachment":[{"href":"https:\/\/selleetools.com\/pl\/wp-json\/wp\/v2\/media?parent=635052"}],"wp:term":[{"taxonomy":"announcement_type","embeddable":true,"href":"https:\/\/selleetools.com\/pl\/wp-json\/wp\/v2\/announcement_type?post=635052"}],"curies":[{"name":"wp","href":"https:\/\/api.w.org\/{rel}","templated":true}]}}

Nowa funkcjonalność: ustawianie marży przy eksporcie produktów na Allegro

<p>Dodaliśmy możliwość ustawiania marży już na etapie eksportu produktów na marketplace.<br>W Panelu Sprzedawcy otrzymałeś nową funkcjonalność, która pozwala określić własną marżę bezpośrednio podczas eksportu produktów z poziomu <strong>Zarządzaj produktami</strong>. Dzięki temu możesz elastycznie zarządzać cenami w zależności od kategorii produktu, prowizji marketplace’u czy strategii sprzedaży – bez konieczności każdorazowej zmiany ustawień integracji.</p>



<p>Instrukcja opisująca nową funkcjonalność ustawiania marży przy eksporcie oraz sposób jej działania znajduje się na naszym blogu: <strong><a href="https://selleetools.com/pl/zarzadzanie-marza-juz-na-etapie-eksportu-produktow-na-allegro-w-selleetools/" target="_blank" rel="noreferrer noopener">Zarządzanie marżą przy eksporcie produktów</a></strong></p>

<!-- This site is optimized with the Yoast SEO plugin v19.4 - https://yoast.com/wordpress/plugins/seo/ -->
<title>Nowa funkcjonalność: ustawianie marży przy eksporcie produktów na Allegro - Selleetools.com</title>
<meta name="robots" content="index, follow, max-snippet:-1, max-image-preview:large, max-video-preview:-1" />
<link rel="canonical" href="https://admincentral.selleetools.com/pl/announcement/nowa-funkcjonalnosc-ustawianie-marzy-przy-eksporcie-produktow-na-allegro/" />
<meta property="og:locale" content="pl_PL" />
<meta property="og:type" content="article" />
<meta property="og:title" content="Nowa funkcjonalność: ustawianie marży przy eksporcie produktów na Allegro - Selleetools.com" />
<meta property="og:description" content="Dodaliśmy możliwość ustawiania marży już na etapie eksportu produktów na marketplace.W Panelu Sprzedawcy otrzymałeś nową funkcjonalność, która pozwala określić własną marżę bezpośrednio podczas eksportu produktów z poziomu Zarządzaj produktami. Dzięki temu możesz elastycznie zarządzać cenami w zależności od kategorii produktu, prowizji marketplace’u czy strategii sprzedaży – bez konieczności każdorazowej zmiany ustawień integracji. Instrukcja opisująca nową ... Read moreNowa funkcjonalność: ustawianie marży przy eksporcie produktów na Allegro" />
<meta property="og:url" content="https://admincentral.selleetools.com/pl/announcement/nowa-funkcjonalnosc-ustawianie-marzy-przy-eksporcie-produktow-na-allegro/" />
<meta property="og:site_name" content="Selleetools.com" />
<meta property="article:modified_time" content="2025-12-15T17:56:46+00:00" />
<meta name="twitter:card" content="summary_large_image" />
<meta name="twitter:label1" content="Est. reading time" />
	<meta name="twitter:data1" content="1 minuta" />
<!-- / Yoast SEO plugin. -->

Nowa funkcjonalność: ustawianie marży przy eksporcie produktów na Allegro - Selleetools.com

Dodaliśmy możliwość ustawiania marży już na etapie eksportu produktów na marketplace.W Panelu Sprzedawcy otrzymałeś nową funkcjonalność, która pozwala określić własną marżę bezpośrednio podczas eksportu produktów z poziomu Zarządzaj produktami. Dzięki temu możesz elastycznie zarządzać cenami w zależności od kategorii produktu, prowizji marketplace’u czy strategii sprzedaży – bez konieczności każdorazowej zmiany ustawień integracji. Instrukcja opisująca nową ... Read moreNowa funkcjonalność: ustawianie marży przy eksporcie produktów na Allegro
